{"id":2736,"date":"2021-08-18T16:59:37","date_gmt":"2021-08-18T16:59:37","guid":{"rendered":"http:\/\/134.96.72.80\/?page_id=2736"},"modified":"2022-07-13T08:34:21","modified_gmt":"2022-07-13T08:34:21","slug":"team","status":"publish","type":"page","link":"https:\/\/bpm.dfki.de\/adjust\/team\/","title":{"rendered":"Team"},"content":{"rendered":"\t\t<div data-elementor-type=\"wp-page\" data-elementor-id=\"2736\" class=\"elementor elementor-2736\">\n\t\t\t\t\t\t<section class=\"elementor-section elementor-top-section elementor-element elementor-element-ec3470f elementor-section-boxed elementor-section-height-default elementor-section-height-default\" data-id=\"ec3470f\" data-element_type=\"section\" data-e-type=\"section\">\n\t\t\t\t\t\t<div class=\"elementor-container elementor-column-gap-default\">\n\t\t\t\t\t<div class=\"elementor-column elementor-col-100 elementor-top-column elementor-element elementor-element-fee8af5\" data-id=\"fee8af5\" data-element_type=\"column\" data-e-type=\"column\">\n\t\t\t<div class=\"elementor-widget-wrap elementor-element-populated\">\n\t\t\t\t\t\t<div class=\"elementor-element elementor-element-f53c2e5 elementor-widget elementor-widget-text-editor\" data-id=\"f53c2e5\" data-element_type=\"widget\" data-e-type=\"widget\" data-widget_type=\"text-editor.default\">\n\t\t\t\t<div class=\"elementor-widget-container\">\n\t\t\t\t\t\t\t\t\t<h1 style=\"text-align: center;\">Team<\/h1>\t\t\t\t\t\t\t\t<\/div>\n\t\t\t\t<\/div>\n\t\t\t\t<div class=\"elementor-element elementor-element-edf8388 elementor-widget elementor-widget-spacer\" data-id=\"edf8388\" data-element_type=\"widget\" data-e-type=\"widget\" data-widget_type=\"spacer.default\">\n\t\t\t\t<div class=\"elementor-widget-container\">\n\t\t\t\t\t\t\t<div class=\"elementor-spacer\">\n\t\t\t<div class=\"elementor-spacer-inner\"><\/div>\n\t\t<\/div>\n\t\t\t\t\t\t<\/div>\n\t\t\t\t<\/div>\n\t\t\t\t<section class=\"elementor-section elementor-inner-section elementor-element elementor-element-6abb09d elementor-section-boxed elementor-section-height-default elementor-section-height-default\" data-id=\"6abb09d\" data-element_type=\"section\" data-e-type=\"section\">\n\t\t\t\t\t\t<div class=\"elementor-container elementor-column-gap-default\">\n\t\t\t\t\t<div class=\"elementor-column elementor-col-33 elementor-inner-column elementor-element elementor-element-9906c2e\" data-id=\"9906c2e\" data-element_type=\"column\" data-e-type=\"column\">\n\t\t\t<div class=\"elementor-widget-wrap elementor-element-populated\">\n\t\t\t\t\t\t<div class=\"elementor-element elementor-element-3ef860f elementor-widget elementor-widget-image\" data-id=\"3ef860f\" data-element_type=\"widget\" data-e-type=\"widget\" data-widget_type=\"image.default\">\n\t\t\t\t<div class=\"elementor-widget-container\">\n\t\t\t\t\t\t\t\t\t\t\t\t\t\t\t<img decoding=\"async\" src=\"https:\/\/bpm.dfki.de\/adjust\/wp-content\/uploads\/sites\/4\/elementor\/thumbs\/intex_cjost_profilbild-pjvkktoml2f61m3z40qlpaui29xdssc7be63tmy8aw.jpg\" title=\"intex_cjost_profilbild\" alt=\"intex_cjost_profilbild\" loading=\"lazy\" \/>\t\t\t\t\t\t\t\t\t\t\t\t\t\t\t<\/div>\n\t\t\t\t<\/div>\n\t\t\t\t\t<\/div>\n\t\t<\/div>\n\t\t\t\t<div class=\"elementor-column elementor-col-66 elementor-inner-column elementor-element elementor-element-2c522e5\" data-id=\"2c522e5\" data-element_type=\"column\" data-e-type=\"column\">\n\t\t\t<div class=\"elementor-widget-wrap elementor-element-populated\">\n\t\t\t\t\t\t<div class=\"elementor-element elementor-element-6e7b095 elementor-widget elementor-widget-text-editor\" data-id=\"6e7b095\" data-element_type=\"widget\" data-e-type=\"widget\" data-widget_type=\"text-editor.default\">\n\t\t\t\t<div class=\"elementor-widget-container\">\n\t\t\t\t\t\t\t\t\t<p><strong>Carolina Jost<\/strong><br \/>Carolina Jost ist seit Oktober 2019 bei INTEX als eCommerce-Consultant t\u00e4tig. Sie erarbeitet gemeinsam mit den Kunden eCommerce-Strategien und ber\u00e4t im Bereich Online-Verkaufskan\u00e4le und Marketplaces. Auch die Koordination der technischen Anbindungen zwischen Kunden, Partnern und Plattformen geh\u00f6rt zu Ihren Schwerpunkten. Frau Jost hat einen Master in Translationswissenschaft und ist daher auch f\u00fcr die international t\u00e4tigen Kunden und Partner eine zuverl\u00e4ssiger Ansprechpartnerin.<\/p><p>Sie \u00fcbernimmt im AdjUST-Projekt die organisatorische Leitung.<\/p><ul><li>eCommerce-Consultant<\/li><li>Organisation und Kommunikation<\/li><\/ul><p>E-Mail: <span style=\"text-decoration: underline;\"><a href=\"mailto:c.jost@intex.de\">c.jost(at)intex.de<\/a><br \/><\/span>Tel.: <span data-contrast=\"auto\">+49 681 6008-234<\/span><\/p>\t\t\t\t\t\t\t\t<\/div>\n\t\t\t\t<\/div>\n\t\t\t\t\t<\/div>\n\t\t<\/div>\n\t\t\t\t\t<\/div>\n\t\t<\/section>\n\t\t\t\t<div class=\"elementor-element elementor-element-14b5367 elementor-widget-divider--view-line elementor-widget elementor-widget-divider\" data-id=\"14b5367\" data-element_type=\"widget\" data-e-type=\"widget\" data-widget_type=\"divider.default\">\n\t\t\t\t<div class=\"elementor-widget-container\">\n\t\t\t\t\t\t\t<div class=\"elementor-divider\">\n\t\t\t<span class=\"elementor-divider-separator\">\n\t\t\t\t\t\t<\/span>\n\t\t<\/div>\n\t\t\t\t\t\t<\/div>\n\t\t\t\t<\/div>\n\t\t\t\t<section class=\"elementor-section elementor-inner-section elementor-element elementor-element-94a6c17 elementor-section-boxed elementor-section-height-default elementor-section-height-default\" data-id=\"94a6c17\" data-element_type=\"section\" data-e-type=\"section\">\n\t\t\t\t\t\t<div class=\"elementor-container elementor-column-gap-default\">\n\t\t\t\t\t<div class=\"elementor-column elementor-col-33 elementor-inner-column elementor-element elementor-element-bd12e87\" data-id=\"bd12e87\" data-element_type=\"column\" data-e-type=\"column\">\n\t\t\t<div class=\"elementor-widget-wrap elementor-element-populated\">\n\t\t\t\t\t\t<div class=\"elementor-element elementor-element-e30b6eb elementor-widget elementor-widget-image\" data-id=\"e30b6eb\" data-element_type=\"widget\" data-e-type=\"widget\" data-widget_type=\"image.default\">\n\t\t\t\t<div class=\"elementor-widget-container\">\n\t\t\t\t\t\t\t\t\t\t\t\t\t\t\t<img decoding=\"async\" src=\"https:\/\/bpm.dfki.de\/adjust\/wp-content\/uploads\/sites\/4\/elementor\/thumbs\/Profilbild_Ingo--pp1aojvuec7awibqravj72a6rhltx8kngfmmjx2cg8.png\" title=\"Profilbild_Ingo\" alt=\"Ingo Klein Bild\" loading=\"lazy\" \/>\t\t\t\t\t\t\t\t\t\t\t\t\t\t\t<\/div>\n\t\t\t\t<\/div>\n\t\t\t\t\t<\/div>\n\t\t<\/div>\n\t\t\t\t<div class=\"elementor-column elementor-col-66 elementor-inner-column elementor-element elementor-element-e84b26a\" data-id=\"e84b26a\" data-element_type=\"column\" data-e-type=\"column\">\n\t\t\t<div class=\"elementor-widget-wrap elementor-element-populated\">\n\t\t\t\t\t\t<div class=\"elementor-element elementor-element-616833b elementor-widget elementor-widget-text-editor\" data-id=\"616833b\" data-element_type=\"widget\" data-e-type=\"widget\" data-widget_type=\"text-editor.default\">\n\t\t\t\t<div class=\"elementor-widget-container\">\n\t\t\t\t\t\t\t\t\t<p><strong>Ingo Klein<\/strong><br \/>Ingo Klein ist seit mehr als 25 \u00a0Jahren im Unternehmen t\u00e4tig. Er ist diplomierter Betriebswirt mit Schwerpunkt Wirtschaftsinformatik und einer der Datenbankarchitekten der INTEX-ERP-Software.<\/p><p>Seit vielen Jahren ist Herr Klein in der Rolle Head of Consulting t\u00e4tig und f\u00fchrt und ber\u00e4t erfolgreich Key-Customer-Kunden. Ebenfalls ist er seit jeher im Produktmanagement t\u00e4tig, um innovative L\u00f6sungen aus den Kundenprojekten als Standardl\u00f6sungen zu etablieren.<\/p><p>Herr Klein steht im AdjUST-Projekt als fachlich-technischer Ansprechpartner zur Verf\u00fcgung.<\/p><ul><li>Head of Consulting<\/li><li>Technischer und fachlicher Ansprechpartner<\/li><\/ul><p>E-Mail: <span style=\"text-decoration: underline;\"><a href=\"mailto:i.klein@intex.de\">i.klein(at)intex.de<\/a><br \/><\/span>Tel.: <span class=\"Y2IQFc\" lang=\"de\">+49 681 6008 &#8211; 455<\/span><span style=\"text-decoration: underline;\"><br \/><\/span><\/p>\t\t\t\t\t\t\t\t<\/div>\n\t\t\t\t<\/div>\n\t\t\t\t\t<\/div>\n\t\t<\/div>\n\t\t\t\t\t<\/div>\n\t\t<\/section>\n\t\t\t\t<div class=\"elementor-element elementor-element-0505aa9 elementor-widget-divider--view-line elementor-widget elementor-widget-divider\" data-id=\"0505aa9\" data-element_type=\"widget\" data-e-type=\"widget\" data-widget_type=\"divider.default\">\n\t\t\t\t<div class=\"elementor-widget-container\">\n\t\t\t\t\t\t\t<div class=\"elementor-divider\">\n\t\t\t<span class=\"elementor-divider-separator\">\n\t\t\t\t\t\t<\/span>\n\t\t<\/div>\n\t\t\t\t\t\t<\/div>\n\t\t\t\t<\/div>\n\t\t\t\t<section class=\"elementor-section elementor-inner-section elementor-element elementor-element-6df2398 elementor-section-boxed elementor-section-height-default elementor-section-height-default\" data-id=\"6df2398\" data-element_type=\"section\" data-e-type=\"section\">\n\t\t\t\t\t\t<div class=\"elementor-container elementor-column-gap-default\">\n\t\t\t\t\t<div class=\"elementor-column elementor-col-33 elementor-inner-column elementor-element elementor-element-acf786d\" data-id=\"acf786d\" data-element_type=\"column\" data-e-type=\"column\">\n\t\t\t<div class=\"elementor-widget-wrap elementor-element-populated\">\n\t\t\t\t\t\t<div class=\"elementor-element elementor-element-e606e66 elementor-widget elementor-widget-image\" data-id=\"e606e66\" data-element_type=\"widget\" data-e-type=\"widget\" data-widget_type=\"image.default\">\n\t\t\t\t<div class=\"elementor-widget-container\">\n\t\t\t\t\t\t\t\t\t\t\t\t\t\t\t<img decoding=\"async\" src=\"https:\/\/bpm.dfki.de\/adjust\/wp-content\/uploads\/sites\/4\/elementor\/thumbs\/intex_mknapp_profilbild-pjvl39aom3nlqbc1gzl7lndxgb2ir3ip6mqwmzmaa0.jpg\" title=\"intex_mknapp_profilbild\" alt=\"intex_mknapp_profilbild\" loading=\"lazy\" \/>\t\t\t\t\t\t\t\t\t\t\t\t\t\t\t<\/div>\n\t\t\t\t<\/div>\n\t\t\t\t\t<\/div>\n\t\t<\/div>\n\t\t\t\t<div class=\"elementor-column elementor-col-66 elementor-inner-column elementor-element elementor-element-7b4d640\" data-id=\"7b4d640\" data-element_type=\"column\" data-e-type=\"column\">\n\t\t\t<div class=\"elementor-widget-wrap elementor-element-populated\">\n\t\t\t\t\t\t<div class=\"elementor-element elementor-element-44e32c8 elementor-widget elementor-widget-text-editor\" data-id=\"44e32c8\" data-element_type=\"widget\" data-e-type=\"widget\" data-widget_type=\"text-editor.default\">\n\t\t\t\t<div class=\"elementor-widget-container\">\n\t\t\t\t\t\t\t\t\t<p><strong>Marco Knapp<\/strong><br \/>Marco Knapp ist diplomierter Wirtschaftsinformatiker und seit 2007 im Unternehmen INTEX t\u00e4tig. Nachdem er viele Jahre als Softwaretrainer und Teamleiter f\u00fcr das Unternehmen t\u00e4tig war, wechselte er in den Bereich Consulting und war dort als Projektleiter, Berater und ebenfalls Teamleiter aktiv. Im Jahre 2017 \u00fcbernahm er als Bereichsleiter den Bereich CustomerCare. Dieser umfasst die Bereiche Kundensupport und Softwaretraining. Auch heute f\u00fchrt er Kunden als Projektleiter. Zus\u00e4tzlich ist Herr Knapp Ansprechpartner f\u00fcr die dualen Studieng\u00e4nge und ber\u00e4t die Kunden von INTEX themen\u00fcbergreifend.<\/p><p>Im Projekt AdjUST ist er fachlich und organisatorisch t\u00e4tig.<\/p><ul><li>Director CustomerCare, Consultant<\/li><li>Organisatorischer und fachlicher Ansprechpartner<\/li><\/ul><p>E-Mail: <span style=\"text-decoration: underline;\"><a href=\"mailto:m.knapp@intex.de\">m.knapp(at)intex.de<\/a><br \/><\/span>Tel.: +49 681 6008 &#8211; 423<\/p>\t\t\t\t\t\t\t\t<\/div>\n\t\t\t\t<\/div>\n\t\t\t\t\t<\/div>\n\t\t<\/div>\n\t\t\t\t\t<\/div>\n\t\t<\/section>\n\t\t\t\t<div class=\"elementor-element elementor-element-5d8921a elementor-widget-divider--view-line elementor-widget elementor-widget-divider\" data-id=\"5d8921a\" data-element_type=\"widget\" data-e-type=\"widget\" data-widget_type=\"divider.default\">\n\t\t\t\t<div class=\"elementor-widget-container\">\n\t\t\t\t\t\t\t<div class=\"elementor-divider\">\n\t\t\t<span class=\"elementor-divider-separator\">\n\t\t\t\t\t\t<\/span>\n\t\t<\/div>\n\t\t\t\t\t\t<\/div>\n\t\t\t\t<\/div>\n\t\t\t\t<section class=\"elementor-section elementor-inner-section elementor-element elementor-element-fb131de elementor-section-boxed elementor-section-height-default elementor-section-height-default\" data-id=\"fb131de\" data-element_type=\"section\" data-e-type=\"section\">\n\t\t\t\t\t\t<div class=\"elementor-container elementor-column-gap-default\">\n\t\t\t\t\t<div class=\"elementor-column elementor-col-33 elementor-inner-column elementor-element elementor-element-185be14\" data-id=\"185be14\" data-element_type=\"column\" data-e-type=\"column\">\n\t\t\t<div class=\"elementor-widget-wrap elementor-element-populated\">\n\t\t\t\t\t\t<div class=\"elementor-element elementor-element-4b02ccb elementor-widget elementor-widget-image\" data-id=\"4b02ccb\" data-element_type=\"widget\" data-e-type=\"widget\" data-widget_type=\"image.default\">\n\t\t\t\t<div class=\"elementor-widget-container\">\n\t\t\t\t\t\t\t\t\t\t\t\t\t\t\t<img fetchpriority=\"high\" decoding=\"async\" width=\"1928\" height=\"527\" src=\"https:\/\/bpm.dfki.de\/adjust\/wp-content\/uploads\/sites\/4\/2022\/05\/DS_Logo.jpg\" class=\"attachment-full size-full wp-image-7525\" alt=\"\" srcset=\"https:\/\/bpm.dfki.de\/adjust\/wp-content\/uploads\/sites\/4\/2022\/05\/DS_Logo.jpg 1928w, https:\/\/bpm.dfki.de\/adjust\/wp-content\/uploads\/sites\/4\/2022\/05\/DS_Logo-300x82.jpg 300w, https:\/\/bpm.dfki.de\/adjust\/wp-content\/uploads\/sites\/4\/2022\/05\/DS_Logo-1024x280.jpg 1024w, https:\/\/bpm.dfki.de\/adjust\/wp-content\/uploads\/sites\/4\/2022\/05\/DS_Logo-768x210.jpg 768w, https:\/\/bpm.dfki.de\/adjust\/wp-content\/uploads\/sites\/4\/2022\/05\/DS_Logo-1536x420.jpg 1536w, https:\/\/bpm.dfki.de\/adjust\/wp-content\/uploads\/sites\/4\/2022\/05\/DS_Logo-1736x475.jpg 1736w\" sizes=\"(max-width: 1928px) 100vw, 1928px\" \/>\t\t\t\t\t\t\t\t\t\t\t\t\t\t\t<\/div>\n\t\t\t\t<\/div>\n\t\t\t\t\t<\/div>\n\t\t<\/div>\n\t\t\t\t<div class=\"elementor-column elementor-col-66 elementor-inner-column elementor-element elementor-element-1489eee\" data-id=\"1489eee\" data-element_type=\"column\" data-e-type=\"column\">\n\t\t\t<div class=\"elementor-widget-wrap elementor-element-populated\">\n\t\t\t\t\t\t<div class=\"elementor-element elementor-element-2689357 elementor-widget elementor-widget-text-editor\" data-id=\"2689357\" data-element_type=\"widget\" data-e-type=\"widget\" data-widget_type=\"text-editor.default\">\n\t\t\t\t<div class=\"elementor-widget-container\">\n\t\t\t\t\t\t\t\t\t<p><strong>Daniel Krusch<\/strong><\/p><p>Daniel Krusch ist Head of IT bei DOROTHEE SCHUMACHER, eines der erfolgreichsten deutschen Modelabels. Hier treibt er die Digitalisierung in allen Bereichen voran, insbesondere mit dem Ziel, Unternehmensdaten und-prozesse zusammenzuf\u00fchren und zu vereinheitlichen. Omnichannel ist dabei ein Abteilungs- und Disziplin\u00fcbergreifendes Gro\u00dfprojekt, was von Dorothee Schumacher mit voller Kraft und in alle Konsequenzen vorangetrieben wird.<\/p><p>Im Projekt AdjUST ist Daniel Krusch fachlicher Ansprechpartner f\u00fcr Prozessdaten.<\/p><p>E-Mail: <a href=\"mailto:dkrusch@schumacher.de\"><span style=\"text-decoration: underline;\">dkrusch(at)schumacher.de<\/span><\/a><span style=\"text-decoration: underline;\"><br \/><\/span>Tel.: +49 621 12725 \u2013 100<\/p>\t\t\t\t\t\t\t\t<\/div>\n\t\t\t\t<\/div>\n\t\t\t\t\t<\/div>\n\t\t<\/div>\n\t\t\t\t\t<\/div>\n\t\t<\/section>\n\t\t\t\t<div class=\"elementor-element elementor-element-a2b715e elementor-widget-divider--view-line elementor-widget elementor-widget-divider\" data-id=\"a2b715e\" data-element_type=\"widget\" data-e-type=\"widget\" data-widget_type=\"divider.default\">\n\t\t\t\t<div class=\"elementor-widget-container\">\n\t\t\t\t\t\t\t<div class=\"elementor-divider\">\n\t\t\t<span class=\"elementor-divider-separator\">\n\t\t\t\t\t\t<\/span>\n\t\t<\/div>\n\t\t\t\t\t\t<\/div>\n\t\t\t\t<\/div>\n\t\t\t\t<section class=\"elementor-section elementor-inner-section elementor-element elementor-element-c5dd143 elementor-section-boxed elementor-section-height-default elementor-section-height-default\" data-id=\"c5dd143\" data-element_type=\"section\" data-e-type=\"section\">\n\t\t\t\t\t\t<div class=\"elementor-container elementor-column-gap-default\">\n\t\t\t\t\t<div class=\"elementor-column elementor-col-33 elementor-inner-column elementor-element elementor-element-f214c14\" data-id=\"f214c14\" data-element_type=\"column\" data-e-type=\"column\">\n\t\t\t<div class=\"elementor-widget-wrap elementor-element-populated\">\n\t\t\t\t\t\t<div class=\"elementor-element elementor-element-ac4dbbe elementor-widget elementor-widget-image\" data-id=\"ac4dbbe\" data-element_type=\"widget\" data-e-type=\"widget\" data-widget_type=\"image.default\">\n\t\t\t\t<div class=\"elementor-widget-container\">\n\t\t\t\t\t\t\t\t\t\t\t\t\t\t\t<img decoding=\"async\" width=\"203\" height=\"45\" src=\"https:\/\/bpm.dfki.de\/adjust\/wp-content\/uploads\/sites\/4\/2022\/02\/Swing.png\" class=\"attachment-full size-full wp-image-7342\" alt=\"\" \/>\t\t\t\t\t\t\t\t\t\t\t\t\t\t\t<\/div>\n\t\t\t\t<\/div>\n\t\t\t\t\t<\/div>\n\t\t<\/div>\n\t\t\t\t<div class=\"elementor-column elementor-col-66 elementor-inner-column elementor-element elementor-element-0cb14df\" data-id=\"0cb14df\" data-element_type=\"column\" data-e-type=\"column\">\n\t\t\t<div class=\"elementor-widget-wrap elementor-element-populated\">\n\t\t\t\t\t\t<div class=\"elementor-element elementor-element-a004e07 elementor-widget elementor-widget-text-editor\" data-id=\"a004e07\" data-element_type=\"widget\" data-e-type=\"widget\" data-widget_type=\"text-editor.default\">\n\t\t\t\t<div class=\"elementor-widget-container\">\n\t\t\t\t\t\t\t\t\t<p><strong>Catherine Kulbach<\/strong><br \/>Catherine Kulbach ist bei Swing Collections f\u00fcr die Bereiche der Finanzbuchhaltung und das Controlling zust\u00e4ndig.<br \/>Durch die langj\u00e4hrige Erfahrung geh\u00f6ren das Erarbeiten, \u00dcberwachen und Kommunizieren von Unternehmens- und\u00a0<br \/>Finanzkennzahlen an das Management zu den Kernaufgaben. Mithilfe des Erfahrungsschatzes koordiniert und validiert<br \/>Catherine IT relevante Prozesse und erm\u00f6glicht damit die Anbindung von Datengetriebenen Anwendungen.<\/p><p>Innerhalb des AdjUST Projekts bringt sie das zur Digitalisierung und Transformation notwendige Prozesswissen ein.<\/p><p>E-Mail: <span style=\"text-decoration: underline;\"><a href=\"mailto:catherine.kulbach@swing-collections.com\">catherine.kulbach(at)swing-collections.com<\/a><\/span><\/p>\t\t\t\t\t\t\t\t<\/div>\n\t\t\t\t<\/div>\n\t\t\t\t\t<\/div>\n\t\t<\/div>\n\t\t\t\t\t<\/div>\n\t\t<\/section>\n\t\t\t\t<div class=\"elementor-element elementor-element-2fe80ef elementor-widget-divider--view-line elementor-widget elementor-widget-divider\" data-id=\"2fe80ef\" data-element_type=\"widget\" data-e-type=\"widget\" data-widget_type=\"divider.default\">\n\t\t\t\t<div class=\"elementor-widget-container\">\n\t\t\t\t\t\t\t<div class=\"elementor-divider\">\n\t\t\t<span class=\"elementor-divider-separator\">\n\t\t\t\t\t\t<\/span>\n\t\t<\/div>\n\t\t\t\t\t\t<\/div>\n\t\t\t\t<\/div>\n\t\t\t\t<section class=\"elementor-section elementor-inner-section elementor-element elementor-element-4993ba5 elementor-section-boxed elementor-section-height-default elementor-section-height-default\" data-id=\"4993ba5\" data-element_type=\"section\" data-e-type=\"section\">\n\t\t\t\t\t\t<div class=\"elementor-container elementor-column-gap-default\">\n\t\t\t\t\t<div class=\"elementor-column elementor-col-33 elementor-inner-column elementor-element elementor-element-a797345\" data-id=\"a797345\" data-element_type=\"column\" data-e-type=\"column\">\n\t\t\t<div class=\"elementor-widget-wrap elementor-element-populated\">\n\t\t\t\t\t\t<div class=\"elementor-element elementor-element-a6489fd elementor-widget elementor-widget-image\" data-id=\"a6489fd\" data-element_type=\"widget\" data-e-type=\"widget\" data-widget_type=\"image.default\">\n\t\t\t\t<div class=\"elementor-widget-container\">\n\t\t\t\t\t\t\t\t\t\t\t\t\t\t\t<img decoding=\"async\" src=\"https:\/\/bpm.dfki.de\/adjust\/wp-content\/uploads\/sites\/4\/elementor\/thumbs\/Zuschnitt_Matthias_Olscher-pjvka58mxtsw53megwk6vhuz3ok9ckxzijcijgs8zs.jpg\" title=\"Zuschnitt_Matthias_Olscher\" alt=\"Zuschnitt_Matthias_Olscher\" loading=\"lazy\" \/>\t\t\t\t\t\t\t\t\t\t\t\t\t\t\t<\/div>\n\t\t\t\t<\/div>\n\t\t\t\t\t<\/div>\n\t\t<\/div>\n\t\t\t\t<div class=\"elementor-column elementor-col-66 elementor-inner-column elementor-element elementor-element-5ee0025\" data-id=\"5ee0025\" data-element_type=\"column\" data-e-type=\"column\">\n\t\t\t<div class=\"elementor-widget-wrap elementor-element-populated\">\n\t\t\t\t\t\t<div class=\"elementor-element elementor-element-3c8fb8b elementor-widget elementor-widget-text-editor\" data-id=\"3c8fb8b\" data-element_type=\"widget\" data-e-type=\"widget\" data-widget_type=\"text-editor.default\">\n\t\t\t\t<div class=\"elementor-widget-container\">\n\t\t\t\t\t\t\t\t\t<p><strong>Matthias Olscher<br \/><\/strong>Matthias Olscher ist seit 2021 Junior Researcher am Institut f\u00fcr Wirtschaftsinformatik (IWi) am Deutschen Forschungszentrum f\u00fcr K\u00fcnstliche Intelligenz (DFKI).<\/p><p>Er hat sein Bachelorstudium Wirtschaftsinformatik erfolgreich abgeschlossen und absolviert derzeit sein Masterstudium Wirtschaftsinformatik mit Schwerpunkt Data Science an der Universit\u00e4t des Saarlandes.<\/p><p style=\"text-align: justify;\">Seine Forschung konzentriert sich auf die Anwendung von Natural Language Processing in der Prozessmodellierung.<\/p><p style=\"text-align: justify;\">E-Mail: <a href=\"mailto:matthias.olscher@dfki.de\"><span style=\"text-decoration: underline;\">matthias.olscher(at)dfki.de<\/span><\/a><\/p>\t\t\t\t\t\t\t\t<\/div>\n\t\t\t\t<\/div>\n\t\t\t\t\t<\/div>\n\t\t<\/div>\n\t\t\t\t\t<\/div>\n\t\t<\/section>\n\t\t\t\t\t<\/div>\n\t\t<\/div>\n\t\t\t\t\t<\/div>\n\t\t<\/section>\n\t\t\t\t<\/div>\n\t\t","protected":false},"excerpt":{"rendered":"<p>Team Carolina JostCarolina Jost ist seit Oktober 2019 bei INTEX als eCommerce-Consultant t\u00e4tig. Sie erarbeitet gemeinsam mit den Kunden eCommerce-Strategien und ber\u00e4t im Bereich Online-Verkaufskan\u00e4le und Marketplaces. Auch die Koordination der technischen Anbindungen zwischen Kunden, Partnern und Plattformen geh\u00f6rt zu Ihren Schwerpunkten. Frau Jost hat einen Master in Translationswissenschaft und ist daher auch f\u00fcr die [&hellip;]<\/p>\n","protected":false},"author":1,"featured_media":68,"parent":0,"menu_order":1,"comment_status":"closed","ping_status":"closed","template":"","meta":{"footnotes":""},"class_list":["post-2736","page","type-page","status-publish","has-post-thumbnail","hentry"],"_links":{"self":[{"href":"https:\/\/bpm.dfki.de\/adjust\/wp-json\/wp\/v2\/pages\/2736","targetHints":{"allow":["GET"]}}],"collection":[{"href":"https:\/\/bpm.dfki.de\/adjust\/wp-json\/wp\/v2\/pages"}],"about":[{"href":"https:\/\/bpm.dfki.de\/adjust\/wp-json\/wp\/v2\/types\/page"}],"author":[{"embeddable":true,"href":"https:\/\/bpm.dfki.de\/adjust\/wp-json\/wp\/v2\/users\/1"}],"replies":[{"embeddable":true,"href":"https:\/\/bpm.dfki.de\/adjust\/wp-json\/wp\/v2\/comments?post=2736"}],"version-history":[{"count":125,"href":"https:\/\/bpm.dfki.de\/adjust\/wp-json\/wp\/v2\/pages\/2736\/revisions"}],"predecessor-version":[{"id":7571,"href":"https:\/\/bpm.dfki.de\/adjust\/wp-json\/wp\/v2\/pages\/2736\/revisions\/7571"}],"wp:featuredmedia":[{"embeddable":true,"href":"https:\/\/bpm.dfki.de\/adjust\/wp-json\/wp\/v2\/media\/68"}],"wp:attachment":[{"href":"https:\/\/bpm.dfki.de\/adjust\/wp-json\/wp\/v2\/media?parent=2736"}],"curies":[{"name":"wp","href":"https:\/\/api.w.org\/{rel}","templated":true}]}}