{"id":1183,"date":"2021-07-29T06:37:04","date_gmt":"2021-07-29T06:37:04","guid":{"rendered":"http:\/\/134.96.72.80\/?page_id=1183"},"modified":"2022-07-13T08:34:07","modified_gmt":"2022-07-13T08:34:07","slug":"dorothee-schumacher","status":"publish","type":"page","link":"https:\/\/bpm.dfki.de\/adjust\/konsortium\/dorothee-schumacher\/","title":{"rendered":"Konsortium:Dorothee-Schumacher"},"content":{"rendered":"\t\t<div data-elementor-type=\"wp-page\" data-elementor-id=\"1183\" class=\"elementor elementor-1183\">\n\t\t\t\t\t\t<section class=\"elementor-section elementor-top-section elementor-element elementor-element-5eb0b10 elementor-section-boxed elementor-section-height-default elementor-section-height-default\" data-id=\"5eb0b10\" data-element_type=\"section\" data-e-type=\"section\">\n\t\t\t\t\t\t<div class=\"elementor-container elementor-column-gap-default\">\n\t\t\t\t\t<div class=\"elementor-column elementor-col-100 elementor-top-column elementor-element elementor-element-244ad4a\" data-id=\"244ad4a\" data-element_type=\"column\" data-e-type=\"column\">\n\t\t\t<div class=\"elementor-widget-wrap elementor-element-populated\">\n\t\t\t\t\t\t<div class=\"elementor-element elementor-element-4a4bef8 elementor-widget elementor-widget-image\" data-id=\"4a4bef8\" data-element_type=\"widget\" data-e-type=\"widget\" data-widget_type=\"image.default\">\n\t\t\t\t<div class=\"elementor-widget-container\">\n\t\t\t\t\t\t\t\t\t\t\t\t\t\t\t\t<a href=\"https:\/\/www.dorothee-schumacher.com\/\" target=\"_blank\" rel=\"noopener\">\n\t\t\t\t\t\t\t<img decoding=\"async\" width=\"300\" height=\"82\" src=\"https:\/\/bpm.dfki.de\/adjust\/wp-content\/uploads\/sites\/4\/2022\/05\/DS_Logo-300x82.jpg\" class=\"attachment-medium size-medium wp-image-7525\" alt=\"\" srcset=\"https:\/\/bpm.dfki.de\/adjust\/wp-content\/uploads\/sites\/4\/2022\/05\/DS_Logo-300x82.jpg 300w, https:\/\/bpm.dfki.de\/adjust\/wp-content\/uploads\/sites\/4\/2022\/05\/DS_Logo-1024x280.jpg 1024w, https:\/\/bpm.dfki.de\/adjust\/wp-content\/uploads\/sites\/4\/2022\/05\/DS_Logo-768x210.jpg 768w, https:\/\/bpm.dfki.de\/adjust\/wp-content\/uploads\/sites\/4\/2022\/05\/DS_Logo-1536x420.jpg 1536w, https:\/\/bpm.dfki.de\/adjust\/wp-content\/uploads\/sites\/4\/2022\/05\/DS_Logo-1736x475.jpg 1736w, https:\/\/bpm.dfki.de\/adjust\/wp-content\/uploads\/sites\/4\/2022\/05\/DS_Logo.jpg 1928w\" sizes=\"(max-width: 300px) 100vw, 300px\" \/>\t\t\t\t\t\t\t\t<\/a>\n\t\t\t\t\t\t\t\t\t\t\t\t\t\t\t<\/div>\n\t\t\t\t<\/div>\n\t\t\t\t<div class=\"elementor-element elementor-element-620c909 elementor-widget elementor-widget-spacer\" data-id=\"620c909\" data-element_type=\"widget\" data-e-type=\"widget\" data-widget_type=\"spacer.default\">\n\t\t\t\t<div class=\"elementor-widget-container\">\n\t\t\t\t\t\t\t<div class=\"elementor-spacer\">\n\t\t\t<div class=\"elementor-spacer-inner\"><\/div>\n\t\t<\/div>\n\t\t\t\t\t\t<\/div>\n\t\t\t\t<\/div>\n\t\t\t\t<div class=\"elementor-element elementor-element-56a38ea elementor-widget elementor-widget-heading\" data-id=\"56a38ea\" data-element_type=\"widget\" data-e-type=\"widget\" data-widget_type=\"heading.default\">\n\t\t\t\t<div class=\"elementor-widget-container\">\n\t\t\t\t\t<h2 class=\"elementor-heading-title elementor-size-default\">Unsere Aufgaben im Projekt:<\/h2>\t\t\t\t<\/div>\n\t\t\t\t<\/div>\n\t\t\t\t<div class=\"elementor-element elementor-element-2febe61 elementor-widget elementor-widget-text-editor\" data-id=\"2febe61\" data-element_type=\"widget\" data-e-type=\"widget\" data-widget_type=\"text-editor.default\">\n\t\t\t\t<div class=\"elementor-widget-container\">\n\t\t\t\t\t\t\t\t\t<p style=\"text-align: justify;\">Hinsichtlich des spezifischen Erkenntnisinteresses erhofft sich die Firma Schumacher als Anwender neue Erkenntnisse im Bereich des Themas Produktentwicklung und Produktdesign. Hier ist Schuhmacher vor allem an neuen L\u00f6sungen im Bereich PDM interessiert. In diesem Bereich gibt es bei der Firma SWING schon definierte Prozesse. Hier m\u00f6chte die Firma Schumacher durch die Teilnahme an den Community-Workshops erarbeiteten Synergieeffekte nutzen und auf die Erfahrungswerte und implementierten Prozesskenntnisse von SWING zur\u00fcckgreifen. Mit der M\u00f6glichkeit des Einsatzes eines Konfigurators k\u00f6nnte die Prozessentwicklungszeit deutlich verk\u00fcrzt und die entstehenden Kosten um ein Vielfaches gesenkt werden. Als weiterer positiver Nebeneffekt w\u00fcrde die M\u00f6glichkeit der Benutzung eines Konfigurators zu einer Prozessbeschleunigung, zu einem optimierten Einsatz personeller Ressourcen sowie zu einem Knowhow-Transfer aus den Workshops f\u00fchren.<\/p><p style=\"text-align: justify;\">Gleichzeitig bringt Schumacher eigene Anforderungen und Prozesse zur Referenzprozessgestaltung im Kontext von Omni-Channel-Prozessen ein und erm\u00f6glicht somit die Erprobung eines Prozesskonfigurators in diesem Prozesskontext. Dar\u00fcber hinaus stellt Schumacher Ausf\u00fchrungsdaten der Unternehmensprozesse f\u00fcr die im Projekt avisierten Prozessanalysen und Process Mining-Aktivit\u00e4ten zur Verf\u00fcgung.<\/p>\t\t\t\t\t\t\t\t<\/div>\n\t\t\t\t<\/div>\n\t\t\t\t<div class=\"elementor-element elementor-element-614eecd elementor-widget elementor-widget-heading\" data-id=\"614eecd\" data-element_type=\"widget\" data-e-type=\"widget\" data-widget_type=\"heading.default\">\n\t\t\t\t<div class=\"elementor-widget-container\">\n\t\t\t\t\t<h2 class=\"elementor-heading-title elementor-size-default\">Die Schumacher GmbH:<\/h2>\t\t\t\t<\/div>\n\t\t\t\t<\/div>\n\t\t\t\t<div class=\"elementor-element elementor-element-8f5b26d elementor-widget elementor-widget-text-editor\" data-id=\"8f5b26d\" data-element_type=\"widget\" data-e-type=\"widget\" data-widget_type=\"text-editor.default\">\n\t\t\t\t<div class=\"elementor-widget-container\">\n\t\t\t\t\t\t\t\t\t<p style=\"text-align: justify;\">Die Schumacher GmbH wird vertreten durch die Gesch\u00e4ftsf\u00fchrer Dorothee Schumacher-Singhoff und Maximilian Singhoff und ist ein Hersteller f\u00fcr exklusive Damenoberbekleidung (DOB) mit Sitz in Mannheim im Industriehafen. Im Jahr 1989 deb\u00fctierte Dorothee Schumacher mit Ihrer ersten Kollektion, die vor allem aus hochwertigen Textilien wie Tops bestand. Mit der Zeit wurde das Portfolio durch weitere Bekleidungsst\u00fccke und Accessoires erg\u00e4nzt. Seit nunmehr 30 Jahren ist die Marke weltweit erfolgreich etabliert. Als besonderes Erfolgskonzept z\u00e4hlt vor allem die unkomplizierte und selbstbewusste Mode. 140 Mitarbeiter aus 16 Nationen bilden das Team und k\u00fcmmern sich um die Belange der Kunden, sowohl Gesch\u00e4fts- als auch Endkunden. Die verschiedenen Kollektionen werden saisonal angeboten, (Fr\u00fchling, Sommer, Herbst und Winter) und in 600 Stores weltweit sowie verschiedenen Online-Plattformen vertrieben.<\/p>\t\t\t\t\t\t\t\t<\/div>\n\t\t\t\t<\/div>\n\t\t\t\t\t<\/div>\n\t\t<\/div>\n\t\t\t\t\t<\/div>\n\t\t<\/section>\n\t\t\t\t<\/div>\n\t\t","protected":false},"excerpt":{"rendered":"<p>Unsere Aufgaben im Projekt: Hinsichtlich des spezifischen Erkenntnisinteresses erhofft sich die Firma Schumacher als Anwender neue Erkenntnisse im Bereich des Themas Produktentwicklung und Produktdesign. Hier ist Schuhmacher vor allem an neuen L\u00f6sungen im Bereich PDM interessiert. In diesem Bereich gibt es bei der Firma SWING schon definierte Prozesse. Hier m\u00f6chte die Firma Schumacher durch die [&hellip;]<\/p>\n","protected":false},"author":1,"featured_media":0,"parent":481,"menu_order":1,"comment_status":"closed","ping_status":"closed","template":"","meta":{"footnotes":""},"class_list":["post-1183","page","type-page","status-publish","hentry"],"_links":{"self":[{"href":"https:\/\/bpm.dfki.de\/adjust\/wp-json\/wp\/v2\/pages\/1183","targetHints":{"allow":["GET"]}}],"collection":[{"href":"https:\/\/bpm.dfki.de\/adjust\/wp-json\/wp\/v2\/pages"}],"about":[{"href":"https:\/\/bpm.dfki.de\/adjust\/wp-json\/wp\/v2\/types\/page"}],"author":[{"embeddable":true,"href":"https:\/\/bpm.dfki.de\/adjust\/wp-json\/wp\/v2\/users\/1"}],"replies":[{"embeddable":true,"href":"https:\/\/bpm.dfki.de\/adjust\/wp-json\/wp\/v2\/comments?post=1183"}],"version-history":[{"count":32,"href":"https:\/\/bpm.dfki.de\/adjust\/wp-json\/wp\/v2\/pages\/1183\/revisions"}],"predecessor-version":[{"id":7553,"href":"https:\/\/bpm.dfki.de\/adjust\/wp-json\/wp\/v2\/pages\/1183\/revisions\/7553"}],"up":[{"embeddable":true,"href":"https:\/\/bpm.dfki.de\/adjust\/wp-json\/wp\/v2\/pages\/481"}],"wp:attachment":[{"href":"https:\/\/bpm.dfki.de\/adjust\/wp-json\/wp\/v2\/media?parent=1183"}],"curies":[{"name":"wp","href":"https:\/\/api.w.org\/{rel}","templated":true}]}}